MONTHLY CLIMATOLOGICAL SUMMARY for November 2001 CITY: Mannheim-Seckenheim ELEV: 94 m LAT: 49° 46' 3" LONG: 8° 55' 7" TEMPERATURE (°C), BAROMETER (hPa), RAIN (l/m²), WIND SPEED (km/h) MEAN TEMPERATURE WIND DOM DAY TEMP HIGH TIME LOW TIME HUM Baro Rain SPEED HIGH TIME DIR -------------------------------------------------------------------------------------------------------------- 1 6,6 12,5 14:03 3,4 23:58 83 1035,9 0,0 0,8 14,0 13:48 NW 2 6,0 13,4 14:38 1,1 07:23 88 1040,7 0,4 0,4 8,0 13:04 N-NW 3 6,2 12,8 14:54 2,6 06:33 90 1033,4 0,0 0,4 4,5 11:13 N 4 4,8 7,4 15:39 2,4 04:28 98 1024,3 0,4 1,9 21,3 21:14 N 5 6,0 11,1 14:03 1,4 23:08 93 1024,1 0,0 0,3 20,3 21:53 N-NO 6 5,1 8,2 23:53 0,5 03:18 97 1018,1 5,8 4,1 15,9 17:18 W 7 9,8 11,3 14:45 8,2 00:03 94 1010,6 7,6 4,6 20,0 15:10 W-NW 8 9,0 11,6 06:49 4,4 21:56 80 996,7 10,1 11,9 34,2 20:00 W-NW 9 3,2 6,0 12:21 -0,8 23:59 70 1014,0 0,0 4,3 14,3 00:00 W-NW 10 -0,0 6,1 13:50 -3,3 04:39 74 1030,3 0,0 1,8 11,5 14:20 W 11 -0,6 5,3 13:25 -4,1 07:00 81 1026,2 0,4 0,5 19,3 15:09 N-NW 12 1,8 4,3 20:24 -3,0 02:04 85 1017,0 0,4 0,2 3,0 23:50 N 13 3,2 5,7 15:44 0,5 19:10 86 1015,3 6,1 2,4 28,1 13:59 N 14 2,5 5,0 16:00 0,2 00:24 87 1026,8 2,5 0,4 10,1 01:59 SO 15 1,2 5,6 14:14 -2,2 23:24 75 1037,2 0,0 3,3 32,6 13:34 N 16 0,3 4,0 14:54 -3,5 05:26 88 1038,6 0,0 0,0 1,3 22:40 N-NO 17 2,2 7,9 14:34 -2,1 23:40 85 1034,3 0,0 0,2 7,9 13:14 N 18 1,8 3,8 14:54 -1,9 00:04 81 1025,5 0,0 0,3 6,2 10:45 NO 19 1,5 3,8 15:30 -2,3 03:20 84 1024,6 0,0 0,0 1,0 00:19 N 20 4,9 7,9 14:05 2,7 07:14 89 1030,3 0,0 0,0 0,0 00:00 N 21 5,9 7,5 14:14 4,7 23:59 83 1031,6 0,0 0,8 47,8 23:49 SW 22 4,0 5,8 16:44 2,4 23:29 81 1019,8 5,8 7,0 29,5 19:49 W-SW 23 3,3 5,0 14:54 1,9 04:29 72 1021,9 0,0 4,8 17,6 14:14 W 24 3,1 4,0 11:34 1,7 03:14 92 1024,2 2,9 0,8 9,5 13:50 SW 25 5,1 6,4 23:55 3,9 00:04 98 1020,0 3,6 0,1 2,1 07:14 S-SW 26 7,6 8,4 13:54 6,4 00:00 99 1012,8 12,6 0,2 29,6 09:20 S-SW 27 6,3 7,6 00:04 2,9 20:50 97 1012,2 4,7 1,3 13,1 13:25 W-SW 28 4,5 7,6 15:10 2,6 18:55 91 1018,0 4,7 2,3 15,8 05:20 SW 29 4,5 6,9 16:00 1,3 04:30 96 1022,3 18,0 2,5 17,8 20:55 SW 30 8,5 10,0 23:55 6,6 00:00 98 1015,6 11,9 0,7 7,3 00:25 S-SO -------------------------------------------------------------------------------------------------------------- Avg: 4,3 13,4 2 -4,1 11 87 1023,4 97,6 1,9 47,8 21 W-NW Distribution WD Values 2696 Distribution WD N-NO 2,7% Distribution WD NO 2,4% Distribution WD NO-O 1,4% Distribution WD O 0,9% Distribution WD O-SO 1,2% Distribution WD SO 2,1% Distribution WD SO-S 2,9% Distribution WD S 3,2% Distribution WD S-SW 4,5% Distribution WD SW 12,6% Distribution WD SW-W 11,5% Distribution WD W 11,8% Distribution WD W-NW 17,2% Distribution WD NW 10,9% Distribution WD NW-N 4,1% Distribution WD N 10,8% Rain days >0,0 l/m² Month 17 Rain days >2,0 l/m² Month 13 Rain days >20,0 l/m² Month 0 Ice days max < 0°C 0 Cold days min <= 0°C 9 Cool days max < 10°C 23 Summer days max >=25°C 0 Hot days max >=30°C 0 Last year same Month: Ice days max < 0°C 0 Last year same Month: Cold days min <= 0°C 0 Last year same Month: Cool days max < 10°C 10 Last year same Month: Summer days max >=25°C 0 Last year same Month: Hot days max >=30°C 0 © 1999-2003 Werner Krenn / Mischa Thurnherr - Wetterstation Bedien- und Auswertesoftware V2.81.4a